*w + a = 391. What is the tens digit of w?
0
What is the tens digit of (189/(-14) - (13 - 27))/((-1)/(-6614))?
0
Suppose 17*w = -57 + 108. Let g(l) = 33*l**2 - 1. Let v be g(2). Suppose 1 = 4*m - 3*m, w*t - m = v. What is the tens digit of t?
4
Let u(x) = 6*x**2 - 32*x + 22. What is the units digit of u(14)?
0
Suppose 11*f + 190 = f. Let q = f - -60. What is the units digit of q?
1
Suppose 20*b - 152225 = 7*b - 12*b. What is the units digit of b?
9
Let y be 23/5 + 108/270. Suppose -4*w = -5*f - 397, -518 = -y*w - 3*f + 2*f. What is the hundreds digit of w?
1
Let a(b) = b**2 - 5*b - 67. Let m be a(-6). Let y(s) = -206*s**3 - 2*s**2 + s + 3. What is the units digit of y(m)?
6
Suppose -42*y + 28*y + 9423 = -5851. What is the tens digit of y?
9
Let n(k) = k**2 + 109. Let h be n(14). Suppose h = -13*j + 14*j. What is the tens digit of j?
0
Suppose -2*l - 22903 + 72450 = 5*h, -5*l + 4*h = -123851. What is the ten thousands digit of l?
2
Let n(t) = -t - 1. Let p be n(-3). What is the tens digit of -1 + 197 + p + -1?
9
Let o(w) = 14158*w - 1. Let y be o(2). Suppose -62*s + 27*s + y = 0. What is the units digit of s?
9
Let y(f) = 82*f + 59. Let l(s) = -s - 11. Let i be l(-23). What is the units digit of y(i)?
3
Let s(a) = a**2 + 3*a + 3. Suppose -10*j = -5*j + 20. Let n be s(j). Suppose -n*m - 77 = -14*m. What is the tens digit of m?
1
Suppose 5*i - 16540 = -y, 2*y = 6*i - i + 33065. Suppose 0 = -22*c + 7093 + y. What is the thousands digit of c?
1
Suppose 4*b = 3*b + 4*s + 5, 4*s + 25 = 5*b. Suppose -7*w = -3*w + 5*v - 1820, -2275 = -b*w + 5*v. What is the tens digit of w?
5
Suppose 4*s - 4*a = -16, 3*s + 41*a = 40*a. Suppose -2*i - 8 = 4*c, 5*i + 2*c + 16 = 4. What is the units digit of i - (-3 - 2) - 61/s?
4
Suppose -31248 = 238*w - 260*w + 122818. What is the units digit of w?
3
Suppose 0 = -4*k + 2*j + 6, -3*j + 2 = 2*k - 5. Suppose -m + 5 = 0, 0 = 3*p - 0*m - k*m - 383. What is the tens digit of p?
3
Let d(n) = 22*n**3 - 2*n**2 + 9*n - 4. Let h(b) = 2*b - 25. Let q be h(14). What is the tens digit of d(q)?
9
Suppose -470 = 14*v + 776. Let i = 169 + v. Suppose -i = -2*t + 136. What is the tens digit of t?
0
Let t(q) = q**2 - 32*q - 39. Let m be t(34). Suppose 31*r - 638 = m*r. What is the units digit of r?
9
Suppose 33*d - 44 = 29*d. Let k = 221 - d. What is the hundreds digit of k?
2
Let y = 41295 - 28580. What is the thousands digit of y?
2
Let x(a) = -2*a + 8. Let c(r) = r - 68. Let k be c(13). What is the hundreds digit of x(k)?
1
Let b(d) = -24*d**3 + 5*d + 6. Let i(v) = -13*v - 48. Let u be i(6). Let k = -128 - u. What is the hundreds digit of b(k)?
1
Suppose 312 = 38*f - 32*f. Suppose -4*c + 40 + f = 0. What is the tens digit of c?
2
Suppose -2271 - 12426 = -3*b + 12*o, 4*o + 9794 = 2*b. What is the tens digit of b?
9
Let j be ((-9538)/(-19))/((-6)/(-21)). Suppose 5*u = 2*r + 2941, -46*u = -49*u + 5*r + j. What is the hundreds digit of u?
5
Suppose 0 = 4*j, 6*x = 9*x + 5*j - 18960. Suppose 132*n - 137*n = -x. What is the hundreds digit of n?
2
Let k be (4/3)/((-1)/(-48)). What is the tens digit of k*-14*((-8)/(-2) + -5)?
9
Suppose 0 = 2*z - z - 3825. Suppose -5*w + 1775 = -z. What is the tens digit of (w/4)/5 + 3?
5
Let l(x) = -39*x - 16. Let r be l(-6). Suppose -g = r - 1559. What is the units digit of g?
1
Suppose 3*d - 10 = 5, 5*d - 35 = -2*m. Suppose -2*g + 3061 = m*u + 1085, -1988 = -5*u + 4*g. What is the hundreds digit of u?
3
Suppose -n + 7112 = 2*y - 12934, -5*n + 5*y + 100290 = 0. What is the hundreds digit of n?
0
Let w(f) = -f**2 + 25*f + 22. Let z(t) = 3*t - 37. Let r be z(18). Let o be w(r). Suppose -4*q + 2*q + o = 0. What is the units digit of q?
9
Let f = 925 - -4280. What is the hundreds digit of f?
2
Let v(m) = -5*m**2 - 6*m - 109. Let s(j) = 4*j**2 + 5*j + 108. Let r(f) = -6*s(f) - 5*v(f). Let b be r(0). Let z = b + 159. What is the units digit of z?
6
Let q = 2120 - 655. Suppose 5*w + 3*g = q, 6*w - 1204 = 2*w + 4*g. Suppose 0*x + 4*x = w. What is the units digit of x?
4
Suppose 3*q + u + 66 = -0*u, -2*q + u = 49. Let f = 20 + q. What is the tens digit of 41/(-3*f/27)?
2
Let f(v) = -8*v + 83. Let r = 450 - 465. What is the hundreds digit of f(r)?
2
Let z be 0 - (5 + -4) - -116. Suppose -58 - 22 = -3*i - 4*h, 5*i = -3*h + z. What is the units digit of i + (1 - 2)*2?
8
Suppose 39 = -5*r + 6*r. Suppose -r*g - 33 = -42*g. What is the units digit of (8 - g)*(-250)/6?
5
Suppose -10*b - 20 = -14*b. Suppose -b*u = 919 - 3564. What is the tens digit of u?
2
Let i be 5*84/35 - 4. Suppose -i*r = -0*r - 1856. What is the units digit of r?
2
Let w(b) be the first derivative of b**3/3 - b**2 - 41*b - 70. Suppose 5*g - 3*q - 80 = 0, 20 = -4*q - 0*q. What is the units digit of w(g)?
2
Let p = 3551 - 2823. What is the tens digit of p?
2
Let q(i) be the third derivative of -i**6/20 - i**4/4 - 7*i**3/6 + 50*i**2. Let c be q(-5). Suppose c = 5*f - 367. What is the tens digit of f?
2
Suppose 0*x + 4 = -9*x + 22. Let v(q) = -8*q + 1. Let k be v(2). What is the units digit of 60/25*x*k/(-12)?
6
Suppose 2*a - 2 = 8. Suppose 3*i + a*z = 2048, 2*i - 3*z = 847 + 550. What is the tens digit of i?
9
Suppose -4*w - 10*c + 36659 = -11*c, 5*c + 18325 = 2*w. What is the thousands digit of w?
9
Let v(u) = 759*u + 38. Let c be v(4). Suppose h - c = -28*h. What is the tens digit of h?
0
Let b(o) = 12*o - 99. Suppose -4*s + 27 = 3*m, 26 = 2*m + 2*s + 10. Let z(v) = 8*v - 66. Let p(y) = m*b(y) - 8*z(y). What is the units digit of p(8)?
1
Suppose -l + 3*x = -306, -5*x + 351 = 5*l - 1079. Suppose -3*i = 3*g - 321, -l - 30 = -3*g - i. What is the tens digit of g?
0
Let h be (-3 - 2685)*(-155)/10. Suppose -17*q + h = 39*q. What is the units digit of q?
4
Let d be ((-6)/(-5))/((-10)/(-125)). Suppose 61 + d = -4*p. Let n = p - -57. What is the tens digit of n?
3
Let z(x) = x**3 + x**2 + x - 414. Let q be z(0). Let y = -219 - q. What is the hundreds digit of y?
1
Suppose -6 = -g + 4*t, 2*g = -g - t - 34. What is the tens digit of (52/g)/((-1)/10)?
5
Let v = -100 - -106. Suppose 4*n + 8*j - 892 = v*j, 4*n + 4*j = 884. What is the tens digit of n?
2
Suppose 7*r = -5*z + 211 + 27201, 5482 = z + r. What is the units digit of z?
1
Let w(r) = -287*r - 110. What is the units digit of w(-4)?
8
Let j be 617 - (5 - (6 - 3)). Let v = 778 + j. What is the tens digit of (-3)/(-45)*v - 4/(-30)?
9
Let p be (-4 - -8) + -421 + 3. What is the hundreds digit of 4 + -5 + -1 - p?
4
Suppose 294 = -13*r + 7*r. Let f = 402 + r. What is the tens digit of f?
5
Let z(u) = 5*u - 25. Let i be z(7). Let w(r) = -11*r - 10*r + 8*r - i - 9*r. What is the hundreds digit of w(-5)?
1
Let j(b) = -276*b - 211. Let g(z) = 138*z + 106. Let f(u) = -5*g(u) - 3*j(u). What is the tens digit of f(4)?
5
Suppose 4*s - 82 = -2*y, -s = 4*s - 25. Let d = y - -26. Suppose a + d = 2*a. What is the units digit of a?
7
Suppose 51*q - 56*q + 10 = 0. Let k(a) = a. Let n(m) = -32*m - 7. Let i(u) = -2*k(u) - n(u). What is the tens digit of i(q)?
6
Let d(k) be the second derivative of -7*k**5/20 + 2*k**4/3 + 10*k**3/3 + 9*k**2/2 + 8*k - 2. What is the units digit of d(-3)?
0
Let a(v) = 2*v**3 - 33*v**2 + 14*v + 29. Let m be a(16). What is the units digit of (0 - m)*(-6 + 4986/27)?
6
Let n = -56 - -38. Let s = n + 18. Suppose s = d + 3, -3*d - 161 + 34 = -2*o. What is the units digit of o?
9
Let v(f) = f + 30. Let p be v(8). Suppose 7*n = p - 3. Suppose 29 = n*q - 901. What is the units digit of q?
6
Suppose 55*a = 91184 + 116311 - 55310. What is the thousands digit of a?
2
Suppose -b - 2262 = 2*s - 5*b, 3*b = s + 1135. Let y = 2288 + s. What is the thousands digit of y?
1
Let q be (-1)/2 - 357/(-34). Suppose 4*p + 2 + q = 0. What is the tens digit of (17/p - -3)*-18?
4
Let p(z) = z**2 + 3*z - 4. Let b be p(-4). Suppose -4*y = y - 20. Suppose 2*c - y*c + 238 = b. What is the tens digit of c?
1
What is the hundreds digit of -10 - 8052615/(-189) - 6/14?
5
Let d be (0 - 1)/(7/2856). Let u = d - -833. What is the units digit of u?
5
Suppose -108*m = -103*m + 15. Let d be 113/(-2)*(2 + m + 3). Let u = d - -302. What is the hundreds digit of u?
1
Let b = -19116 + 41677. What is the thousands digit of b?
2
Suppose -o = 8*n + 162801 - 654908, 3*n = 3*o + 184557. What is the ten thousands digit of n?
6
Suppose 2*r = -6*l + 4*l